[INFO] fetching crate linkspace-cli 0.1.4...
[INFO] checking linkspace-cli-0.1.4 against master#e6e4f7ed1589e03bc2f6c5931c1a72e7947e8682 for beta-170-4
[INFO] extracting crate linkspace-cli 0.1.4 into /workspace/builds/worker-1-tc2/source
[INFO] validating manifest of crates.io crate linkspace-cli 0.1.4 on toolchain e6e4f7ed1589e03bc2f6c5931c1a72e7947e8682
[INFO] running `Command { std: CARGO_HOME="/workspace/cargo-home" RUSTUP_HOME="/workspace/rustup-home" "/workspace/cargo-home/bin/cargo" "+e6e4f7ed1589e03bc2f6c5931c1a72e7947e8682" "metadata" "--manifest-path" "Cargo.toml" "--no-deps", kill_on_drop: false }`
[INFO] started tweaking crates.io crate linkspace-cli 0.1.4
[INFO] finished tweaking crates.io crate linkspace-cli 0.1.4
[INFO] tweaked toml for crates.io crate linkspace-cli 0.1.4 written to /workspace/builds/worker-1-tc2/source/Cargo.toml
[INFO] crate crates.io crate linkspace-cli 0.1.4 already has a lockfile, it will not be regenerated
[INFO] running `Command { std: CARGO_HOME="/workspace/cargo-home" RUSTUP_HOME="/workspace/rustup-home" "/workspace/cargo-home/bin/cargo" "+e6e4f7ed1589e03bc2f6c5931c1a72e7947e8682" "fetch" "--manifest-path" "Cargo.toml", kill_on_drop: false }`
[INFO] running `Command { std: "docker" "create" "-v" "/var/lib/crater-agent-workspace/builds/worker-1-tc2/target:/opt/rustwide/target:rw,Z" "-v" "/var/lib/crater-agent-workspace/builds/worker-1-tc2/source:/opt/rustwide/workdir:ro,Z" "-v" "/var/lib/crater-agent-workspace/cargo-home:/opt/rustwide/cargo-home:ro,Z" "-v" "/var/lib/crater-agent-workspace/rustup-home:/opt/rustwide/rustup-home:ro,Z" "-e" "SOURCE_DIR=/opt/rustwide/workdir" "-e" "CARGO_TARGET_DIR=/opt/rustwide/target" "-e" "CARGO_HOME=/opt/rustwide/cargo-home" "-e" "RUSTUP_HOME=/opt/rustwide/rustup-home" "-w" "/opt/rustwide/workdir" "-m" "1610612736" "--user" "0:0" "--network" "none" "ghcr.io/rust-lang/crates-build-env/linux@sha256:19e73879b68f455e41552ea35293514db52ea292d993f571636dbffedb77a1ee" "/opt/rustwide/cargo-home/bin/cargo" "+e6e4f7ed1589e03bc2f6c5931c1a72e7947e8682" "metadata" "--no-deps" "--format-version=1", kill_on_drop: false }`
[INFO] [stdout] d5c05756f074c018a5bdfe1a9d0a199804d4bf4b0e83dee43e35480850eb4f8a
[INFO] running `Command { std: "docker" "start" "-a" "d5c05756f074c018a5bdfe1a9d0a199804d4bf4b0e83dee43e35480850eb4f8a", kill_on_drop: false }`
[INFO] running `Command { std: "docker" "inspect" "d5c05756f074c018a5bdfe1a9d0a199804d4bf4b0e83dee43e35480850eb4f8a", kill_on_drop: false }`
[INFO] running `Command { std: "docker" "rm" "-f" "d5c05756f074c018a5bdfe1a9d0a199804d4bf4b0e83dee43e35480850eb4f8a", kill_on_drop: false }`
[INFO] [stdout] d5c05756f074c018a5bdfe1a9d0a199804d4bf4b0e83dee43e35480850eb4f8a
[INFO] running `Command { std: "docker" "create" "-v" "/var/lib/crater-agent-workspace/builds/worker-1-tc2/target:/opt/rustwide/target:rw,Z" "-v" "/var/lib/crater-agent-workspace/builds/worker-1-tc2/source:/opt/rustwide/workdir:ro,Z" "-v" "/var/lib/crater-agent-workspace/cargo-home:/opt/rustwide/cargo-home:ro,Z" "-v" "/var/lib/crater-agent-workspace/rustup-home:/opt/rustwide/rustup-home:ro,Z" "-e" "SOURCE_DIR=/opt/rustwide/workdir" "-e" "CARGO_TARGET_DIR=/opt/rustwide/target" "-e" "CARGO_INCREMENTAL=0" "-e" "RUST_BACKTRACE=full" "-e" "RUSTFLAGS=--cap-lints=forbid" "-e" "RUSTDOCFLAGS=--cap-lints=forbid" "-e" "CARGO_HOME=/opt/rustwide/cargo-home" "-e" "RUSTUP_HOME=/opt/rustwide/rustup-home" "-w" "/opt/rustwide/workdir" "-m" "1610612736" "--user" "0:0" "--network" "none" "ghcr.io/rust-lang/crates-build-env/linux@sha256:19e73879b68f455e41552ea35293514db52ea292d993f571636dbffedb77a1ee" "/opt/rustwide/cargo-home/bin/cargo" "+e6e4f7ed1589e03bc2f6c5931c1a72e7947e8682" "check" "--frozen" "--all" "--all-targets" "--message-format=json", kill_on_drop: false }`
[INFO] [stdout] c8ac26bd33df58ae7c6835fb05daf4433747ae00c797c04793d469d992437e48
[INFO] running `Command { std: "docker" "start" "-a" "c8ac26bd33df58ae7c6835fb05daf4433747ae00c797c04793d469d992437e48", kill_on_drop: false }`
[INFO] [stderr]    Compiling proc-macro2 v1.0.54
[INFO] [stderr]    Compiling quote v1.0.26
[INFO] [stderr]    Compiling syn v1.0.107
[INFO] [stderr]    Compiling libc v0.2.141
[INFO] [stderr]    Compiling generic-array v0.14.6
[INFO] [stderr]    Compiling serde_derive v1.0.159
[INFO] [stderr]     Checking subtle v2.4.1
[INFO] [stderr]    Compiling serde v1.0.159
[INFO] [stderr]    Compiling log v0.4.17
[INFO] [stderr]    Compiling futures-core v0.3.26
[INFO] [stderr]     Checking zeroize v1.5.7
[INFO] [stderr]    Compiling once_cell v1.17.0
[INFO] [stderr]    Compiling semver v1.0.16
[INFO] [stderr]    Compiling crossbeam-utils v0.8.14
[INFO] [stderr]    Compiling wasm-bindgen-shared v0.2.84
[INFO] [stderr]     Checking const-oid v0.9.1
[INFO] [stderr]     Checking base64ct v1.5.3
[INFO] [stderr]     Checking der v0.6.1
[INFO] [stderr]     Checking crypto-common v0.1.6
[INFO] [stderr]     Checking block-buffer v0.10.3
[INFO] [stderr]    Compiling syn v2.0.11
[INFO] [stderr]     Checking digest v0.10.6
[INFO] [stderr]    Compiling rustc_version v0.4.0
[INFO] [stderr]     Checking futures-io v0.3.26
[INFO] [stderr]    Compiling bumpalo v3.12.0
[INFO] [stderr]    Compiling thiserror v1.0.38
[INFO] [stderr]     Checking spki v0.6.0
[INFO] [stderr]    Compiling slab v0.4.7
[INFO] [stderr]    Compiling futures-channel v0.3.26
[INFO] [stderr]     Checking pkcs8 v0.9.0
[INFO] [stderr]     Checking base16ct v0.1.1
[INFO] [stderr]     Checking hmac v0.12.1
[INFO] [stderr]     Checking sec1 v0.3.0
[INFO] [stderr]     Checking tracing-core v0.1.30
[INFO] [stderr]    Compiling wasm-bindgen v0.2.84
[INFO] [stderr]     Checking getrandom v0.2.8
[INFO] [stderr]     Checking constant_time_eq v0.2.4
[INFO] [stderr]     Checking futures-sink v0.3.26
[INFO] [stderr]    Compiling proc-macro-error-attr v1.0.4
[INFO] [stderr]     Checking rand_core v0.6.4
[INFO] [stderr]    Compiling blake3 v1.3.3
[INFO] [stderr]     Checking parking v2.0.0
[INFO] [stderr]     Checking crypto-bigint v0.4.9
[INFO] [stderr]     Checking ff v0.12.1
[INFO] [stderr]     Checking signature v1.6.4
[INFO] [stderr]    Compiling anyhow v1.0.70
[INFO] [stderr]     Checking group v0.12.1
[INFO] [stderr]     Checking cpufeatures v0.2.5
[INFO] [stderr]     Checking fastrand v1.8.0
[INFO] [stderr]    Compiling futures-task v0.3.26
[INFO] [stderr]     Checking futures-lite v1.12.0
[INFO] [stderr]     Checking rand_chacha v0.3.1
[INFO] [stderr]     Checking sha2 v0.10.6
[INFO] [stderr]    Compiling ruint v1.7.0
[INFO] [stderr]     Checking concurrent-queue v2.1.0
[INFO] [stderr]    Compiling futures-util v0.3.26
[INFO] [stderr]     Checking rfc6979 v0.3.1
[INFO] [stderr]     Checking elliptic-curve v0.12.3
[INFO] [stderr]    Compiling io-lifetimes v1.0.5
[INFO] [stderr]    Compiling convert_case v0.4.0
[INFO] [stderr]     Checking base64 v0.13.1
[INFO] [stderr]    Compiling lmdb-rkv-sys v0.11.2
[INFO] [stderr]     Checking ecdsa v0.14.8
[INFO] [stderr]    Compiling aho-corasick v0.7.20
[INFO] [stderr]     Checking async-lock v2.6.0
[INFO] [stderr]     Checking rand v0.8.5
[INFO] [stderr]     Checking k256 v0.11.6
[INFO] [stderr]    Compiling regex-syntax v0.6.28
[INFO] [stderr]     Checking async-task v4.3.0
[INFO] [stderr]    Compiling ruint-macro v1.0.2
[INFO] [stderr]    Compiling rustix v0.36.8
[INFO] [stderr]     Checking async-channel v1.8.0
[INFO] [stderr]     Checking stable_deref_trait v1.2.0
[INFO] [stderr]     Checking atomic-waker v1.1.0
[INFO] [stderr]     Checking itoa v1.0.5
[INFO] [stderr]     Checking blocking v1.3.0
[INFO] [stderr]     Checking nix v0.24.3
[INFO] [stderr]     Checking async-executor v1.5.0
[INFO] [stderr]     Checking regex-automata v0.1.10
[INFO] [stderr]     Checking inotify-sys v0.1.5
[INFO] [stderr]     Checking fslock v0.2.1
[INFO] [stderr]     Checking socket2 v0.4.7
[INFO] [stderr]    Compiling async_executors v0.6.0
[INFO] [stderr]     Checking time-core v0.1.0
[INFO] [stderr]     Checking same-file v1.0.6
[INFO] [stderr]     Checking overload v0.1.1
[INFO] [stderr]     Checking send_wrapper v0.4.0
[INFO] [stderr]     Checking walkdir v2.3.2
[INFO] [stderr]     Checking lmdb-rkv v0.14.0
[INFO] [stderr]    Compiling wasm-bindgen-backend v0.2.84
[INFO] [stderr]    Compiling proc-macro-error v1.0.4
[INFO] [stderr]    Compiling regex v1.7.1
[INFO] [stderr]     Checking is-terminal v0.4.3
[INFO] [stderr]     Checking nu-ansi-term v0.46.0
[INFO] [stderr]     Checking matchers v0.1.0
[INFO] [stderr]     Checking time v0.3.17
[INFO] [stderr]     Checking inotify v0.9.6
[INFO] [stderr]     Checking async-global-executor v2.3.1
[INFO] [stderr]     Checking sharded-slab v0.1.4
[INFO] [stderr]    Compiling wasm-bindgen-macro-support v0.2.84
[INFO] [stderr]     Checking tracing-log v0.1.3
[INFO] [stderr]     Checking mio v0.8.5
[INFO] [stderr]     Checking rtoolbox v0.0.1
[INFO] [stderr]     Checking filetime v0.2.19
[INFO] [stderr]     Checking crossbeam-channel v0.5.6
[INFO] [stderr]     Checking thread_local v1.1.4
[INFO] [stderr]     Checking bitflags v2.0.2
[INFO] [stderr]     Checking gimli v0.27.1
[INFO] [stderr]     Checking dunce v1.0.3
[INFO] [stderr]     Checking miniz_oxide v0.6.2
[INFO] [stderr]    Compiling backtrace v0.3.67
[INFO] [stderr]     Checking rpassword v7.2.0
[INFO] [stderr]     Checking notify v5.1.0
[INFO] [stderr]     Checking memmap2 v0.5.8
[INFO] [stderr]     Checking object v0.30.3
[INFO] [stderr]    Compiling serde_json v1.0.94
[INFO] [stderr]     Checking rustc-demangle v0.1.21
[INFO] [stderr]     Checking ryu v1.0.12
[INFO] [stderr]    Compiling thiserror-impl v1.0.38
[INFO] [stderr]    Compiling tracing-attributes v0.1.23
[INFO] [stderr]    Compiling wasm-bindgen-macro v0.2.84
[INFO] [stderr]    Compiling derive_more v0.99.17
[INFO] [stderr]    Compiling structmeta-derive v0.1.5
[INFO] [stderr]    Compiling futures-macro v0.3.26
[INFO] [stderr]     Checking js-sys v0.3.61
[INFO] [stderr]    Compiling auto_impl v1.0.1
[INFO] [stderr]     Checking tracing v0.1.37
[INFO] [stderr]    Compiling structmeta v0.1.5
[INFO] [stderr]    Compiling pin-project-internal v1.0.12
[INFO] [stderr]    Compiling parse-display-derive v0.6.0
[INFO] [stderr]     Checking ipcbus v0.1.0
[INFO] [stderr]    Compiling clap_derive v4.1.9
[INFO] [stderr]     Checking arrayvec v0.7.2
[INFO] [stderr]     Checking abe v0.1.0
[INFO] [stderr]     Checking linkspace-cryptography v0.1.0
[INFO] [stderr]     Checking serde_bytes v0.11.9
[INFO] [stderr]     Checking gloo-timers v0.2.6
[INFO] [stderr]     Checking blake2b_simd v1.0.1
[INFO] [stderr]     Checking triomphe v0.1.8
[INFO] [stderr]     Checking futures-timer v3.0.2
[INFO] [stderr]     Checking wasm-bindgen-futures v0.4.34
[INFO] [stderr]     Checking rust-argon2 v1.0.0
[INFO] [stderr]     Checking either v1.8.1
[INFO] [stderr]     Checking pin-project v1.0.12
[INFO] [stderr]    Compiling blanket v0.2.0
[INFO] [stderr]     Checking tracing-subscriber v0.3.16
[INFO] [stderr]     Checking linkspace-argon2-identity v0.1.0
[INFO] [stderr]     Checking addr2line v0.19.0
[INFO] [stderr]     Checking parse-display v0.6.0
[INFO] [stderr]     Checking byte-fmt v0.1.0
[INFO] [stderr]     Checking futures-executor v0.3.26
[INFO] [stderr]     Checking clap v4.1.11
[INFO] [stderr]     Checking linkspace-pkt v0.1.1
[INFO] [stderr]     Checking futures v0.3.26
[INFO] [stdout] error[E0015]: cannot call non-const fn `std::option::Option::<&u8>::unwrap_or` in constant functions
[INFO] [stdout]    --> /opt/rustwide/cargo-home/registry/src/index.crates.io-6f17d22bba15001f/linkspace-pkt-0.1.1/src/ipath.rs:259:34
[INFO] [stdout]     |
[INFO] [stdout] 259 |         self.ipath_bytes.first().unwrap_or(&0)
[INFO] [stdout]     |                                  ^^^^^^^^^^^^^
[INFO] [stdout]     |
[INFO] [stdout]     = note: calls in constant functions are limited to constant functions, tuple structs and tuple variants
[INFO] [stdout] 
[INFO] [stdout] 
[INFO] [stdout] error[E0015]: cannot call non-const fn `core::slice::<impl [u8]>::get::<RangeToInclusive<usize>>` in constant functions
[INFO] [stdout]    --> /opt/rustwide/cargo-home/registry/src/index.crates.io-6f17d22bba15001f/linkspace-pkt-0.1.1/src/spath.rs:448:38
[INFO] [stdout]     |
[INFO] [stdout] 448 |         match self.spath.spath_bytes.get(..=len) {
[INFO] [stdout]     |                                      ^^^^^^^^^^^
[INFO] [stdout]     |
[INFO] [stdout]     = note: calls in constant functions are limited to constant functions, tuple structs and tuple variants
[INFO] [stdout] 
[INFO] [stdout] 
[INFO] [stdout] error[E0015]: cannot call non-const fn `core::slice::<impl [u8]>::get::<RangeFrom<usize>>` in constant functions
[INFO] [stdout]    --> /opt/rustwide/cargo-home/registry/src/index.crates.io-6f17d22bba15001f/linkspace-pkt-0.1.1/src/spath.rs:451:48
[INFO] [stdout]     |
[INFO] [stdout] 451 |                 let n = self.spath.spath_bytes.get(len + 1..).unwrap_or(&[]);
[INFO] [stdout]     |                                                ^^^^^^^^^^^^^^
[INFO] [stdout]     |
[INFO] [stdout]     = note: calls in constant functions are limited to constant functions, tuple structs and tuple variants
[INFO] [stdout] 
[INFO] [stdout] 
[INFO] [stdout] error[E0015]: cannot call non-const fn `std::option::Option::<&[u8]>::unwrap_or` in constant functions
[INFO] [stdout]    --> /opt/rustwide/cargo-home/registry/src/index.crates.io-6f17d22bba15001f/linkspace-pkt-0.1.1/src/spath.rs:451:63
[INFO] [stdout]     |
[INFO] [stdout] 451 |                 let n = self.spath.spath_bytes.get(len + 1..).unwrap_or(&[]);
[INFO] [stdout]     |                                                               ^^^^^^^^^^^^^^
[INFO] [stdout]     |
[INFO] [stdout]     = note: calls in constant functions are limited to constant functions, tuple structs and tuple variants
[INFO] [stdout] 
[INFO] [stdout] 
[INFO] [stdout] error[E0015]: cannot call non-const fn `core::slice::<impl [u8]>::get::<RangeFrom<usize>>` in constant functions
[INFO] [stdout]    --> /opt/rustwide/cargo-home/registry/src/index.crates.io-6f17d22bba15001f/linkspace-pkt-0.1.1/src/spath.rs:459:56
[INFO] [stdout]     |
[INFO] [stdout] 459 |             Some(Ok((s, r))) => Some(Ok((s.spath_bytes.get(1..).unwrap(), r))),
[INFO] [stdout]     |                                                        ^^^^^^^^
[INFO] [stdout]     |
[INFO] [stdout]     = note: calls in constant functions are limited to constant functions, tuple structs and tuple variants
[INFO] [stdout] 
[INFO] [stdout] 
[INFO] [stdout] error: aborting due to 5 previous errors
[INFO] [stdout] 
[INFO] [stdout] 
[INFO] [stdout] For more information about this error, try `rustc --explain E0015`.
[INFO] [stdout] 
[INFO] [stderr] error: could not compile `linkspace-pkt` (lib) due to 6 previous errors
[INFO] [stderr] warning: build failed, waiting for other jobs to finish...
[INFO] running `Command { std: "docker" "inspect" "c8ac26bd33df58ae7c6835fb05daf4433747ae00c797c04793d469d992437e48", kill_on_drop: false }`
[INFO] running `Command { std: "docker" "rm" "-f" "c8ac26bd33df58ae7c6835fb05daf4433747ae00c797c04793d469d992437e48", kill_on_drop: false }`
[INFO] [stdout] c8ac26bd33df58ae7c6835fb05daf4433747ae00c797c04793d469d992437e48
